{"id":37,"date":"2023-09-12T11:31:25","date_gmt":"2023-09-12T09:31:25","guid":{"rendered":"https:\/\/macnamur.be\/?page_id=37"},"modified":"2026-03-11T10:18:11","modified_gmt":"2026-03-11T09:18:11","slug":"nos-membres-et-partenaires","status":"publish","type":"page","link":"https:\/\/macnamur.be\/index.php\/nos-membres-et-partenaires\/","title":{"rendered":"Membres &#038; partenariats"},"content":{"rendered":"\n<p>La <strong>MAC de Namur<\/strong> est une asbl coupole dont les membres sont des associations Q\/LGBTI<sup>\u2731<\/sup> actives dans la province de Namur. <br><br>\u00c0 ce jour, <strong>16 associations membres<\/strong> apportent leurs expertises et leurs sp\u00e9cificit\u00e9s, notamment sur l&rsquo; aspect communautaire, la sociabilisation et l&rsquo;accueil, les enjeux li\u00e9s \u00e0 la jeunesse et \u00e0 l&rsquo;EVRAS, les enjeux li\u00e9s \u00e0 la sant\u00e9, et enfin \u00e0 la sensibilisation d&rsquo;un plus large public.<\/p>\n\n\n\n<p><strong>6 associations partenaires<\/strong> nous aident \u00e0 renforcer nos actions et nos missions ! <\/p>\n\n\n\n<p>La MAC Namur <strong>permet la f\u00e9d\u00e9ration<\/strong> de ces diff\u00e9rentes enjeux et publics, permet la centralisation d&rsquo;une aide humaine et logistique aux diff\u00e9rentes associations, et permet la convergence d&rsquo;actions dans la lutte pour l&rsquo;\u00e9galit\u00e9 des chances\/genres.&nbsp;&nbsp;<\/p>\n\n\n\n<h5 class=\"wp-block-heading\">Nos membres<\/h5>\n\n\n\n<div class=\"wp-block-group\"><div class=\"wp-block-group__inner-container is-layout-constrained wp-block-group-is-layout-constrained\">\n<div class=\"wp-block-columns is-layout-flex wp-container-core-columns-is-layout-9d6595d7 wp-block-columns-is-layout-flex\">\n<div class=\"wp-block-column is-layout-flow wp-block-column-is-layout-flow\">\n<p>Activ&rsquo;elles asbl<\/p>\n\n\n\n<p><a href=\"http:\/\/activelles.com\">http:\/\/activelles.com<\/a><\/p>\n<\/div>\n\n\n\n<div class=\"wp-block-column is-layout-flow wp-block-column-is-layout-flow\"><div class=\"wp-block-image\">\n<figure class=\"aligncenter size-full\"><img loading=\"lazy\" decoding=\"async\" width=\"150\" height=\"150\" src=\"http:\/\/macnamur.be\/wp-content\/uploads\/2023\/10\/activelles-1.jpg\" alt=\"\" class=\"wp-image-136\"\/><\/figure>\n<\/div><\/div>\n<\/div>\n<\/div><\/div>\n\n\n\n<div class=\"wp-block-columns is-layout-flex wp-container-core-columns-is-layout-9d6595d7 wp-block-columns-is-layout-flex\">\n<div class=\"wp-block-column is-layout-flow wp-block-column-is-layout-flow\">\n<p>Chez Marsha &#8211; association de fait<\/p>\n\n\n\n<p><a href=\"https:\/\/www.facebook.com\/ChezMarshaNamur\/\">https:\/\/www.facebook.com\/ChezMarshaNamur\/<\/a><\/p>\n<\/div>\n\n\n\n<div class=\"wp-block-column is-layout-flow wp-block-column-is-layout-flow\"><div class=\"wp-block-image\">\n<figure class=\"aligncenter size-full\"><img loading=\"lazy\" decoding=\"async\" width=\"150\" height=\"150\" src=\"http:\/\/macnamur.be\/wp-content\/uploads\/2023\/10\/chezmarsha.jpg\" alt=\"\" class=\"wp-image-137\"\/><\/figure>\n<\/div><\/div>\n<\/div>\n\n\n\n<div class=\"wp-block-columns is-layout-flex wp-container-core-columns-is-layout-9d6595d7 wp-block-columns-is-layout-flex\">\n<div class=\"wp-block-column is-layout-flow wp-block-column-is-layout-flow\"><div class=\"wp-block-image\">\n<figure class=\"aligncenter size-full\"><img loading=\"lazy\" decoding=\"async\" width=\"757\" height=\"422\" src=\"https:\/\/macnamur.be\/wp-content\/uploads\/2025\/02\/20241011-logo-horizontal-1.jpg\" alt=\"\" class=\"wp-image-253\" srcset=\"https:\/\/macnamur.be\/wp-content\/uploads\/2025\/02\/20241011-logo-horizontal-1.jpg 757w, https:\/\/macnamur.be\/wp-content\/uploads\/2025\/02\/20241011-logo-horizontal-1-300x167.jpg 300w\" sizes=\"auto, (max-width: 757px) 100vw, 757px\" \/><\/figure>\n<\/div><\/div>\n\n\n\n<div class=\"wp-block-column is-layout-flow wp-block-column-is-layout-flow\">\n<p>Pixiels asbl<\/p>\n\n\n\n<p><a href=\"https:\/\/www.lescheff.be\/\">https:\/\/www.pixiels.be\/<\/a><\/p>\n<\/div>\n<\/div>\n\n\n\n<div class=\"wp-block-columns is-layout-flex wp-container-core-columns-is-layout-9d6595d7 wp-block-columns-is-layout-flex\">\n<div class=\"wp-block-column is-layout-flow wp-block-column-is-layout-flow\">\n<p>Collectif 8 Mars Namur<\/p>\n\n\n\n<p><a href=\"https:\/\/www.facebook.com\/people\/Collectif-8-mars-Namur\/\">https:\/\/www.facebook.com\/people\/Collectif-8-mars-Namur\/<\/a><\/p>\n<\/div>\n\n\n\n<div class=\"wp-block-column is-layout-flow wp-block-column-is-layout-flow\"><div class=\"wp-block-image\">\n<figure class=\"aligncenter size-full\"><img loading=\"lazy\" decoding=\"async\" width=\"150\" height=\"150\" src=\"http:\/\/macnamur.be\/wp-content\/uploads\/2023\/10\/collect8mars.jpg\" alt=\"\" class=\"wp-image-139\"\/><\/figure>\n<\/div><\/div>\n<\/div>\n\n\n\n<div class=\"wp-block-columns is-layout-flex wp-container-core-columns-is-layout-9d6595d7 wp-block-columns-is-layout-flex\">\n<div class=\"wp-block-column is-layout-flow wp-block-column-is-layout-flow\"><div class=\"wp-block-image\">\n<figure class=\"aligncenter size-full\"><img loading=\"lazy\" decoding=\"async\" width=\"161\" height=\"150\" src=\"http:\/\/macnamur.be\/wp-content\/uploads\/2023\/10\/ccl.jpg\" alt=\"\" class=\"wp-image-140\"\/><\/figure>\n<\/div><\/div>\n\n\n\n<div class=\"wp-block-column is-layout-flow wp-block-column-is-layout-flow\">\n<p>La C.C.L. (Communaut\u00e9 du Christ lib\u00e9rateur)<\/p>\n\n\n\n<p><a href=\"https:\/\/ccl-be.net\/namur\/\">https:\/\/ccl-be.net\/namur\/<\/a><\/p>\n<\/div>\n<\/div>\n\n\n\n<div class=\"wp-block-columns is-layout-flex wp-container-core-columns-is-layout-9d6595d7 wp-block-columns-is-layout-flex\">\n<div class=\"wp-block-column is-layout-flow wp-block-column-is-layout-flow\">\n<p>Queer Bubble &#8211; association de fait<\/p>\n\n\n\n<p><a href=\"https:\/\/www.queerbubble.be\">https:\/\/www.queerbubble.be<\/a><\/p>\n<\/div>\n\n\n\n<div class=\"wp-block-column is-layout-flow wp-block-column-is-layout-flow\"><div class=\"wp-block-image\">\n<figure class=\"aligncenter size-full\"><img loading=\"lazy\" decoding=\"async\" width=\"150\" height=\"150\" src=\"https:\/\/macnamur.be\/wp-content\/uploads\/2023\/11\/Logo_queerbubble1-1.png\" alt=\"\" class=\"wp-image-234\"\/><\/figure>\n<\/div><\/div>\n<\/div>\n\n\n\n<div class=\"wp-block-columns is-layout-flex wp-container-core-columns-is-layout-9d6595d7 wp-block-columns-is-layout-flex\">\n<div class=\"wp-block-column is-layout-flow wp-block-column-is-layout-flow\"><\/div>\n<\/div>\n\n\n\n<div class=\"wp-block-columns is-layout-flex wp-container-core-columns-is-layout-9d6595d7 wp-block-columns-is-layout-flex\">\n<div class=\"wp-block-column is-layout-flow wp-block-column-is-layout-flow\">\n<p>Ex Aequo asbl<\/p>\n\n\n\n<p><a href=\"https:\/\/www.exaequo.be\/fr\/\">https:\/\/www.exaequo.be\/fr\/<\/a><\/p>\n<\/div>\n\n\n\n<div class=\"wp-block-column is-layout-flow wp-block-column-is-layout-flow\"><div class=\"wp-block-image\">\n<figure class=\"aligncenter size-full\"><img loading=\"lazy\" decoding=\"async\" width=\"200\" height=\"150\" src=\"http:\/\/macnamur.be\/wp-content\/uploads\/2023\/10\/exaequo_blanc-convertimage.png\" alt=\"\" class=\"wp-image-143\"\/><\/figure>\n<\/div><\/div>\n<\/div>\n\n\n\n<div class=\"wp-block-columns is-layout-flex wp-container-core-columns-is-layout-9d6595d7 wp-block-columns-is-layout-flex\">\n<div class=\"wp-block-column is-layout-flow wp-block-column-is-layout-flow\">\n<div class=\"wp-block-columns is-layout-flex wp-container-core-columns-is-layout-9d6595d7 wp-block-columns-is-layout-flex\">\n<div class=\"wp-block-column is-layout-flow wp-block-column-is-layout-flow\"><div class=\"wp-block-image\">\n<figure class=\"aligncenter size-full\"><img loading=\"lazy\" decoding=\"async\" width=\"193\" height=\"150\" src=\"http:\/\/macnamur.be\/wp-content\/uploads\/2023\/10\/genrespluriels.jpg\" alt=\"\" class=\"wp-image-144\"\/><\/figure>\n<\/div><\/div>\n\n\n\n<div class=\"wp-block-column is-layout-flow wp-block-column-is-layout-flow\">\n<p>Genres Pluriels asbl<\/p>\n\n\n\n<p><a href=\"https:\/\/www.genrespluriels.be\/\">https:\/\/www.genrespluriels.be\/<\/a><\/p>\n<\/div>\n<\/div>\n<\/div>\n<\/div>\n\n\n\n<div class=\"wp-block-columns is-layout-flex wp-container-core-columns-is-layout-9d6595d7 wp-block-columns-is-layout-flex\">\n<div class=\"wp-block-column is-layout-flow wp-block-column-is-layout-flow\">\n<p>Let\u2019s Talk About Non-Binary<\/p>\n\n\n\n<p><a href=\"https:\/\/www.letstalkenby.be\">https:\/\/www.letstalkenby.be<\/a><\/p>\n<\/div>\n\n\n\n<div class=\"wp-block-column is-layout-flow wp-block-column-is-layout-flow\"><div class=\"wp-block-image\">\n<figure class=\"aligncenter size-full\"><img loading=\"lazy\" decoding=\"async\" width=\"150\" height=\"150\" src=\"http:\/\/macnamur.be\/wp-content\/uploads\/2023\/10\/ltanbinary.jpeg\" alt=\"\" class=\"wp-image-146\"\/><\/figure>\n<\/div><\/div>\n<\/div>\n\n\n\n<div class=\"wp-block-columns is-layout-flex wp-container-core-columns-is-layout-9d6595d7 wp-block-columns-is-layout-flex\">\n<div class=\"wp-block-column is-layout-flow wp-block-column-is-layout-flow\"><div class=\"wp-block-image\">\n<figure class=\"aligncenter size-full\"><img loading=\"lazy\" decoding=\"async\" width=\"157\" height=\"150\" src=\"http:\/\/macnamur.be\/wp-content\/uploads\/2023\/10\/Logo-UTSOPI1.jpg\" alt=\"\" class=\"wp-image-147\"\/><\/figure>\n<\/div><\/div>\n\n\n\n<div class=\"wp-block-column is-layout-flow wp-block-column-is-layout-flow\">\n<p>UTSOPI<\/p>\n\n\n\n<p><a href=\"https:\/\/www.utsopi.be\">https:\/\/www.utsopi.be<\/a><\/p>\n<\/div>\n<\/div>\n\n\n\n<div class=\"wp-block-columns is-layout-flex wp-container-core-columns-is-layout-9d6595d7 wp-block-columns-is-layout-flex\">\n<div class=\"wp-block-column is-layout-flow wp-block-column-is-layout-flow\">\n<p>Vie F\u00e9minine<\/p>\n\n\n\n<p><a href=\"https:\/\/www.viefeminine.be\">https:\/\/www.viefeminine.be<\/a><\/p>\n<\/div>\n\n\n\n<div class=\"wp-block-column is-layout-flow wp-block-column-is-layout-flow\"><div class=\"wp-block-image\">\n<figure class=\"aligncenter size-full\"><img loading=\"lazy\" decoding=\"async\" width=\"118\" height=\"150\" src=\"http:\/\/macnamur.be\/wp-content\/uploads\/2023\/10\/viefeminine.jpg\" alt=\"\" class=\"wp-image-148\"\/><\/figure>\n<\/div><\/div>\n<\/div>\n\n\n\n<div class=\"wp-block-columns is-layout-flex wp-container-core-columns-is-layout-9d6595d7 wp-block-columns-is-layout-flex\">\n<div class=\"wp-block-column is-layout-flow wp-block-column-is-layout-flow\"><div class=\"wp-block-image\">\n<figure class=\"aligncenter size-full\"><img loading=\"lazy\" decoding=\"async\" width=\"150\" height=\"150\" src=\"http:\/\/macnamur.be\/wp-content\/uploads\/2023\/10\/sofelia.jpg\" alt=\"\" class=\"wp-image-149\"\/><\/figure>\n<\/div><\/div>\n\n\n\n<div class=\"wp-block-column is-layout-flow wp-block-column-is-layout-flow\">\n<p>Sof\u00e9lia<\/p>\n\n\n\n<p><a href=\"https:\/\/www.sofelia.be\">https:\/\/www.sofelia.be<\/a><\/p>\n<\/div>\n<\/div>\n\n\n\n<div class=\"wp-block-columns is-layout-flex wp-container-core-columns-is-layout-9d6595d7 wp-block-columns-is-layout-flex\">\n<div class=\"wp-block-column is-layout-flow wp-block-column-is-layout-flow\">\n<p>Les Fiert\u00e9s Namuroises asbl<\/p>\n\n\n\n<p><a href=\"https:\/\/www.lesfiertesnamuroises.be\/\">https:\/\/www.lesfiertesnamuroises.be\/<\/a><\/p>\n<\/div>\n\n\n\n<div class=\"wp-block-column is-layout-flow wp-block-column-is-layout-flow\"><div class=\"wp-block-image\">\n<figure class=\"aligncenter size-full\"><img loading=\"lazy\" decoding=\"async\" width=\"150\" height=\"150\" src=\"http:\/\/macnamur.be\/wp-content\/uploads\/2023\/10\/fiertes-3.jpg\" alt=\"\" class=\"wp-image-152\"\/><\/figure>\n<\/div><\/div>\n<\/div>\n\n\n\n<div class=\"wp-block-columns is-layout-flex wp-container-core-columns-is-layout-9d6595d7 wp-block-columns-is-layout-flex\">\n<div class=\"wp-block-column is-layout-flow wp-block-column-is-layout-flow\"><\/div>\n<\/div>\n\n\n\n<div class=\"wp-block-columns is-layout-flex wp-container-core-columns-is-layout-9d6595d7 wp-block-columns-is-layout-flex\">\n<div class=\"wp-block-column is-layout-flow wp-block-column-is-layout-flow\"><div class=\"wp-block-image\">\n<figure class=\"aligncenter size-full\"><img loading=\"lazy\" decoding=\"async\" width=\"151\" height=\"150\" src=\"http:\/\/macnamur.be\/wp-content\/uploads\/2023\/10\/telsquels.jpg\" alt=\"\" class=\"wp-image-155\"\/><\/figure>\n<\/div><\/div>\n\n\n\n<div class=\"wp-block-column is-layout-flow wp-block-column-is-layout-flow\">\n<p>Tels Quels asbl<\/p>\n\n\n\n<p><a href=\"https:\/\/telsquels.be\/\">https:\/\/telsquels.be\/<\/a><\/p>\n<\/div>\n<\/div>\n\n\n\n<div class=\"wp-block-columns is-layout-flex wp-container-core-columns-is-layout-9d6595d7 wp-block-columns-is-layout-flex\">\n<div class=\"wp-block-column is-layout-flow wp-block-column-is-layout-flow\">\n<p>QueerGEEK<\/p>\n\n\n\n<p><a href=\"https:\/\/eldritch.cafe\/@queergeek\">https:\/\/eldritch.cafe\/@queergeek<\/a><\/p>\n<\/div>\n\n\n\n<div class=\"wp-block-column is-layout-flow wp-block-column-is-layout-flow\"><div class=\"wp-block-image\">\n<figure class=\"aligncenter size-full is-resized\"><img loading=\"lazy\" decoding=\"async\" width=\"1858\" height=\"1821\" src=\"http:\/\/macnamur.be\/wp-content\/uploads\/2026\/03\/collectifqueergeek.jpg\" alt=\"\" class=\"wp-image-306\" style=\"object-fit:cover;width:150px;height:150px\" srcset=\"https:\/\/macnamur.be\/wp-content\/uploads\/2026\/03\/collectifqueergeek.jpg 1858w, https:\/\/macnamur.be\/wp-content\/uploads\/2026\/03\/collectifqueergeek-300x294.jpg 300w, https:\/\/macnamur.be\/wp-content\/uploads\/2026\/03\/collectifqueergeek-1024x1004.jpg 1024w, https:\/\/macnamur.be\/wp-content\/uploads\/2026\/03\/collectifqueergeek-768x753.jpg 768w, https:\/\/macnamur.be\/wp-content\/uploads\/2026\/03\/collectifqueergeek-1536x1505.jpg 1536w, https:\/\/macnamur.be\/wp-content\/uploads\/2026\/03\/collectifqueergeek-1200x1176.jpg 1200w\" sizes=\"auto, (max-width: 1858px) 100vw, 1858px\" \/><\/figure>\n<\/div><\/div>\n<\/div>\n\n\n<\/div>\n<p><!-- \/wp:post-content --><\/p>\n<p><!-- wp:column --><\/p>\n<div class=\"wp-block-column\"><\/div>\n<p><!-- \/wp:column --><\/div>\n<p><!-- \/wp:columns --><\/p>\n<p><!-- wp:heading {\"level\":5} --><\/p>\n<h5 class=\"wp-block-heading\">Nos partenariats<\/h5>\n<p><!-- \/wp:heading --><\/p>\n<p><!-- wp:columns --><\/p>\n<div class=\"wp-block-columns\"><!-- wp:column --><\/p>\n<div class=\"wp-block-column\"><!-- wp:image {\"id\":156,\"sizeSlug\":\"full\",\"linkDestination\":\"none\",\"align\":\"center\"} --><\/p>\n<figure class=\"wp-block-image aligncenter size-full\"><img loading=\"lazy\" decoding=\"async\" width=\"176\" height=\"150\" src=\"http:\/\/macnamur.be\/wp-content\/uploads\/2023\/10\/centrewillypeers.jpg\" alt=\"\" class=\"wp-image-156\"\/><\/figure>\n<p><!-- \/wp:image --><\/div>\n<p><!-- \/wp:column --><\/p>\n<p><!-- wp:column --><\/p>\n<div class=\"wp-block-column\"><!-- wp:paragraph --><\/p>\n<p>Centre de Planning familial Willy Peers de Namur<\/p>\n<p><!-- \/wp:paragraph --><\/p>\n<p><!-- wp:paragraph --><\/p>\n<p><a href=\"https:\/\/www.sofelia.be\/nos-centres\/cpf-namur-willy-peers\/\">https:\/\/www.sofelia.be\/nos-centres\/cpf-namur-willy-peers\/<\/a><\/p>\n<p><!-- \/wp:paragraph --><\/div>\n<p><!-- \/wp:column --><\/div>\n<p><!-- \/wp:columns --><\/p>\n<p><!-- wp:columns --><\/p>\n<div class=\"wp-block-columns\"><!-- wp:column --><\/p>\n<div class=\"wp-block-column\"><!-- wp:paragraph --><\/p>\n<p>Face \u00e0 toi m\u00eame asbl<\/p>\n<p><!-- \/wp:paragraph --><\/p>\n<p><!-- wp:paragraph --><\/p>\n<p><a href=\"https:\/\/www.facebook.com\/asblfaceatoimeme\/\">https:\/\/www.facebook.com\/asblfaceatoimeme\/<\/a><\/p>\n<p><!-- \/wp:paragraph --><\/div>\n<p><!-- \/wp:column --><\/p>\n<p><!-- wp:column --><\/p>\n<div class=\"wp-block-column\"><!-- wp:image {\"id\":157,\"sizeSlug\":\"full\",\"linkDestination\":\"none\",\"align\":\"center\"} --><\/p>\n<figure class=\"wp-block-image aligncenter size-full\"><img loading=\"lazy\" decoding=\"async\" width=\"151\" height=\"150\" src=\"http:\/\/macnamur.be\/wp-content\/uploads\/2023\/10\/fatm.jpg\" alt=\"\" class=\"wp-image-157\"\/><\/figure>\n<p><!-- \/wp:image --><\/div>\n<p><!-- \/wp:column --><\/div>\n<p><!-- \/wp:columns --><\/p>\n<p><!-- wp:columns --><\/p>\n<div class=\"wp-block-columns\"><!-- wp:column --><\/p>\n<div class=\"wp-block-column\"><!-- wp:image {\"id\":158,\"sizeSlug\":\"full\",\"linkDestination\":\"none\",\"align\":\"center\"} --><\/p>\n<figure class=\"wp-block-image aligncenter size-full\"><img loading=\"lazy\" decoding=\"async\" width=\"150\" height=\"150\" src=\"http:\/\/macnamur.be\/wp-content\/uploads\/2023\/10\/intersexbelgium.jpg\" alt=\"\" class=\"wp-image-158\"\/><\/figure>\n<p><!-- \/wp:image --><\/div>\n<p><!-- \/wp:column --><\/p>\n<p><!-- wp:column --><\/p>\n<div class=\"wp-block-column\"><!-- wp:paragraph --><\/p>\n<p>Intersex Belgium asbl<\/p>\n<p><!-- \/wp:paragraph --><\/p>\n<p><!-- wp:paragraph --><\/p>\n<p><a href=\"https:\/\/intersexbelgium.be\/\">https:\/\/intersexbelgium.be\/<\/a><\/p>\n<p><!-- \/wp:paragraph --><\/div>\n<p><!-- \/wp:column --><\/div>\n<p><!-- \/wp:columns --><\/p>\n<p><!-- wp:columns --><\/p>\n<div class=\"wp-block-columns\"><!-- wp:column --><\/p>\n<div class=\"wp-block-column\"><!-- wp:paragraph --><\/p>\n<p>Namur&rsquo;Elles<\/p>\n<p><!-- \/wp:paragraph --><\/p>\n<p><!-- wp:paragraph --><\/p>\n<p><a href=\"https:\/\/www.namur.be\/fr\/ma-ville\/social\/cohesion-sociale\/egalite-des-chances\/namurelles\">https:\/\/www.namur.be\/fr\/ma-ville\/social\/cohesion-sociale\/egalite-des-chances\/namurelles<\/a><\/p>\n<p><!-- \/wp:paragraph --><\/div>\n<p><!-- \/wp:column --><\/p>\n<p><!-- wp:column --><\/p>\n<div class=\"wp-block-column\"><!-- wp:image {\"id\":159,\"sizeSlug\":\"full\",\"linkDestination\":\"none\",\"align\":\"center\"} --><\/p>\n<figure class=\"wp-block-image aligncenter size-full\"><img loading=\"lazy\" decoding=\"async\" width=\"150\" height=\"150\" src=\"http:\/\/macnamur.be\/wp-content\/uploads\/2023\/10\/Namurelles-logo.jpg\" alt=\"\" class=\"wp-image-159\"\/><\/figure>\n<p><!-- \/wp:image --><\/div>\n<p><!-- \/wp:column --><\/div>\n<p><!-- \/wp:columns --><\/p>\n<p><!-- wp:columns --><\/p>\n<div class=\"wp-block-columns\"><!-- wp:column --><\/p>\n<div class=\"wp-block-column\"><!-- wp:image {\"id\":160,\"sizeSlug\":\"full\",\"linkDestination\":\"none\",\"align\":\"center\"} --><\/p>\n<figure class=\"wp-block-image aligncenter size-full\"><img loading=\"lazy\" decoding=\"async\" width=\"150\" height=\"150\" src=\"http:\/\/macnamur.be\/wp-content\/uploads\/2023\/10\/lestrieuxlogo.jpg\" alt=\"\" class=\"wp-image-160\"\/><\/figure>\n<p><!-- \/wp:image --><\/div>\n<p><!-- \/wp:column --><\/p>\n<p><!-- wp:column --><\/p>\n<div class=\"wp-block-column\"><!-- wp:paragraph --><\/p>\n<p>Maison d&rsquo;accueil Les trieux &#8211; Namur <\/p>\n<p><!-- \/wp:paragraph --><\/p>\n<p><!-- wp:paragraph --><\/p>\n<p><a href=\"https:\/\/www.ama.be\/les-membres\/5156\/les-trieux\/\">https:\/\/www.ama.be\/les-membres\/5156\/les-trieux\/<\/a><\/p>\n<p><!-- \/wp:paragraph --><\/div>\n<p><!-- \/wp:column --><\/div>\n<p><!-- \/wp:columns --><\/p>\n<p><!-- wp:columns --><\/p>\n<div class=\"wp-block-columns\"><!-- wp:column --><\/p>\n<div class=\"wp-block-column\"><!-- wp:paragraph --><\/p>\n<p>Ville de Namur &#8211; Capitale de la Wallonie<\/p>\n<p><!-- \/wp:paragraph --><\/p>\n<p><!-- wp:paragraph --><\/p>\n<p><a href=\"https:\/\/www.namur.be\/fr\">https:\/\/www.namur.be\/fr<\/a><\/p>\n<p><!-- \/wp:paragraph --><\/div>\n<p><!-- \/wp:column --><\/p>\n<p><!-- wp:column --><\/p>\n<div class=\"wp-block-column\"><!-- wp:image {\"id\":161,\"sizeSlug\":\"full\",\"linkDestination\":\"none\",\"align\":\"center\"} --><\/p>\n<figure class=\"wp-block-image aligncenter size-full\"><img loading=\"lazy\" decoding=\"async\" width=\"150\" height=\"150\" src=\"http:\/\/macnamur.be\/wp-content\/uploads\/2023\/10\/ville-de-namurlogo.jpg\" alt=\"\" class=\"wp-image-161\"\/><\/figure>\n<p><!-- \/wp:image --><\/div>\n<p><!-- \/wp:column --><\/div>\n<p><!-- \/wp:columns --><\/p>\n<p><!-- wp:heading {\"level\":5} --><\/p>\n<h5 class=\"wp-block-heading\">Avec le soutien de :<\/h5>\n<p><!-- \/wp:heading --><\/p>\n<p><!-- wp:columns --><\/p>\n<div class=\"wp-block-columns\"><!-- wp:column --><\/p>\n<div class=\"wp-block-column\"><!-- wp:image {\"id\":162,\"width\":\"159px\",\"height\":\"106px\",\"sizeSlug\":\"full\",\"linkDestination\":\"none\",\"align\":\"center\"} --><\/p>\n<figure class=\"wp-block-image aligncenter size-full is-resized\"><img loading=\"lazy\" decoding=\"async\" width=\"541\" height=\"360\" src=\"http:\/\/macnamur.be\/wp-content\/uploads\/2023\/10\/soutien-wallonie.png\" alt=\"\" class=\"wp-image-162\" style=\"width:159px;height:106px\" srcset=\"https:\/\/macnamur.be\/wp-content\/uploads\/2023\/10\/soutien-wallonie.png 541w, https:\/\/macnamur.be\/wp-content\/uploads\/2023\/10\/soutien-wallonie-300x200.png 300w\" sizes=\"auto, (max-width: 541px) 100vw, 541px\" \/><\/figure>\n<p><!-- \/wp:image --><\/div>\n<p><!-- \/wp:column --><\/div>\n<p><!-- \/wp:columns --><\/p>","protected":false},"excerpt":{"rendered":"<p>La MAC de Namur est une asbl coupole dont les membres sont des associations Q\/LGBTI\u2731 actives dans la province de Namur. \u00c0 ce jour, 16 associations membres apportent leurs expertises et leurs sp\u00e9cificit\u00e9s, notamment sur l&rsquo; aspect communautaire, la sociabilisation et l&rsquo;accueil, les enjeux li\u00e9s \u00e0 la jeunesse et \u00e0 l&rsquo;EVRAS, les enjeux li\u00e9s \u00e0 [&hellip;]<\/p>\n","protected":false},"author":1,"featured_media":221,"parent":0,"menu_order":0,"comment_status":"closed","ping_status":"closed","template":"","meta":{"footnotes":""},"class_list":["post-37","page","type-page","status-publish","has-post-thumbnail","hentry"],"_links":{"self":[{"href":"https:\/\/macnamur.be\/index.php\/wp-json\/wp\/v2\/pages\/37","targetHints":{"allow":["GET"]}}],"collection":[{"href":"https:\/\/macnamur.be\/index.php\/wp-json\/wp\/v2\/pages"}],"about":[{"href":"https:\/\/macnamur.be\/index.php\/wp-json\/wp\/v2\/types\/page"}],"author":[{"embeddable":true,"href":"https:\/\/macnamur.be\/index.php\/wp-json\/wp\/v2\/users\/1"}],"replies":[{"embeddable":true,"href":"https:\/\/macnamur.be\/index.php\/wp-json\/wp\/v2\/comments?post=37"}],"version-history":[{"count":17,"href":"https:\/\/macnamur.be\/index.php\/wp-json\/wp\/v2\/pages\/37\/revisions"}],"predecessor-version":[{"id":308,"href":"https:\/\/macnamur.be\/index.php\/wp-json\/wp\/v2\/pages\/37\/revisions\/308"}],"wp:featuredmedia":[{"embeddable":true,"href":"https:\/\/macnamur.be\/index.php\/wp-json\/wp\/v2\/media\/221"}],"wp:attachment":[{"href":"https:\/\/macnamur.be\/index.php\/wp-json\/wp\/v2\/media?parent=37"}],"curies":[{"name":"wp","href":"https:\/\/api.w.org\/{rel}","templated":true}]}}